h = 4*h - 100, 5*d - h - 110 = 0. Let a = 2 - d. Let r = a - -27. List the prime factors of r.
2
What are the prime factors of 8/4*(-109923)/(-66)?
3331
Let n(p) = p**3 - p**2 - 3*p - 2. Let t(z) = z**3 + z**2 + z. Let y(x) = -n(x) - 2*t(x). Suppose 0 = -l + 1 - 3. What are the prime factors of y(l)?
2, 5
Let a = 277 + 482. What are the prime factors of a?
3, 11, 23
Let y be 26/(-117) + (-29)/(-9). What are the prime factors of y + (-16)/(-2) - 2?
3
What are the prime factors of 1199 + (-54)/20 + (-6)/20?
2, 13, 23
Let c(r) = -r**2 + 27*r - 14. Let j be c(13). Let t = j + -94. List the prime factors of t.
2, 37
Let g = 38 - 34. Let i = g + -1. List the prime factors of i.
3
Let r be ((-8)/(-6))/(2/54). Suppose 4*z = -b - 58, -5*b - 4*z - r = 190. What are the prime factors of (b/1)/(60/(-40))?
2, 7
Let w = -865 + 1574. What are the prime factors of w?
709
Let n(y) = 3*y - 17. Let j be n(7). Suppose -o + j*o = 321. What are the prime factors of o?
107
Suppose -4*x = -2*x - 2. Suppose 60 = -0*l - 2*l. What are the prime factors of (144/l)/(x/(-5))?
2, 3
Let s(n) = n**3 + 22*n**2 - 18*n + 36. List the prime factors of s(-20).
2, 13, 23
Let d(a) = -a**3 - 16*a**2 + 16*a - 2. Let b be d(-17). Let v = 18 - b. Suppose v*o - 6 = m + 1, 0 = -2*o - 3*m + 12. List the prime factors of o.
3
List the prime factors of -1*(-3)/(-2) + 1509/6.
2, 5
Let z = -13 - -19. Let j(b) = -b + 3. Let o be j(1). Suppose -o*c = -z - 0. List the prime factors of c.
3
Suppose 3*r - 18 = r. Suppose 0 = r*h - 6 - 642. List the prime factors of h.
2, 3
Let v = -7 + 10. List the prime factors of 39 - ((v - 6) + 4).
2, 19
Let f = 190 + 322. What are the prime factors of f?
2
Let o be (16/(-20))/(2/(-10)). Let v(g) = 3*g + 4*g**3 - 2 + 0 - o*g**2 - 3*g**3 - 2. What are the prime factors of v(5)?
2, 3
Let v = -2392 + 4787. List the prime factors of v.
5, 479
Let t(y) = 3*y - 11. Let k be t(7). Suppose -15*d - k = -20*d. What are the prime factors of ((-154)/33)/(d/(-18))?
2, 3, 7
List the prime factors of (1 - 3)/(1/(-14052)*8).
3, 1171
Suppose n - 13 = 2*n. Let o = -16 + 32. Let r = n + o. What are the prime factors of r?
3
Suppose 5*j - 25 = -4*t, -j = 4*j + 15. Let d = 5 - t. Let m = d - -42. What are the prime factors of m?
37
Let x(u) = -206*u**3 + 5*u + 7. What are the prime factors of x(-2)?
5, 7, 47
Let n(d) = d**2 + 3*d - 3. Suppose -5*g - 3*o + 12 = 27, o + 5 = -g. Let x be (-7 - g)*12/14. What are the prime factors of n(x)?
3, 5
Let x = -10 - -12. Suppose -3*v = -20 + x. List the prime factors of v.
2, 3
Let n(v) = 21*v**2 + v - 2. Let r = 64 + -63. List the prime factors of n(r).
2, 5
Suppose 10*h - 9*h = 8. Suppose 0 = r - 2*c - 15 - h, 0 = -3*c + 6. List the prime factors of r.
3
Suppose -68 = -3*s - h + 305, -4*h = -3*s + 368. List the prime factors of s.
2, 31
Let n(v) = 181*v**2 + 87*v - 258. List the prime factors of n(3).
2, 3, 17
Suppose 0 = -3*q + 6 - 3. Let a = 3 + q. Suppose 16 = a*p, -3*p - p - 122 = -3*k. List the prime factors of k.
2, 23
Let p be 0 + (-4 - -5) + 0. Let i(k) = -k - 3. Let m(w) = -w**2 - w - 4. Let j(u) = 4*i(u) - 3*m(u). What are the prime factors of j(p)?
2
Let t be (-2 - (-68)/(-6))/((-18)/324). Suppose 0 = -3*a - 54 + t. What are the prime factors of a?
2, 31
Let c be ((-1)/3)/((-1)/27). Suppose 0 = -c*s + 12*s - 198. What are the prime factors of s?
2, 3, 11
Let d = 1 + -7. Let p(m) = m + 4. Let l be p(d). List the prime factors of 420/(-8)*l/3.
5, 7
Let j = -34 - -36. Suppose 5*s - 2*a - 765 = 3*a, j*a = -5*s + 786. List the prime factors of s.
2, 3, 13
Let s(v) = v - 8. Let y be s(-8). Let u = y + 19. Suppose u*d - 63 = 2*j, -4*d - d + 104 = -3*j. List the prime factors of d.
19
Suppose -2*j + 29 = 3*n, 5*j + 2*n - 14 - 86 = 0. Suppose -4*v = -j - 2. Suppose -f + v = u - 32, -5*u - 107 = -4*f. List the prime factors of f.
3, 11
Suppose 84 - 226 = -v. Suppose 5*j - 3*r = 710, j - 4*r = -r + v. List the prime factors of j.
2, 71
Let p be (25 - 96)*2/(-2). Let u = 150 - p. What are the prime factors of u?
79
Suppose -3*o - 27 = -3*z, 10 + 0 = -2*o. Suppose 0 = s - 59 - z. List the prime factors of s.
3, 7
Let z = 552 - -273. List the prime factors of z.
3, 5, 11
Let c(f) = 90*f + 91. List the prime factors of c(3).
19
List the prime factors of 10556/42 + ((-40)/12 - -2).
2, 5
Suppose -24*g + 17*g + 126 = 0. Let m be -4*(-3)/6 - -13. Let c = g - m. What are the prime factors of c?
3
Suppose -q - 6 = -36. Suppose -2*x + 3*w + 23 = 0, -w + q = 3*x - 4*w. Suppose -4*l - 72 = -x*l. What are the prime factors of l?
2, 3
Let m(g) = -2*g**3 - g**2 - g + 12. Let k be m(0). Let f = k - 0. List the prime factors of f.
2, 3
Let r = -129 - -135. Suppose -322 = r*g - 8*g. List the prime factors of g.
7, 23
Let g = 14 + -11. Suppose z = g*l + 9 + 5, -4*z = 4*l - 8. Suppose z*t + c = 104, 3*t - 3*c = 55 + 11. List the prime factors of t.
3, 7
Let y be 2/((-1)/((-10)/4)). Let g = y - -126. What are the prime factors of g?
131
Suppose 11*t = 6*t - 30. Let b = 44 - t. What are the prime factors of b?
2, 5
Let y be (-34)/(-9) - 12/(-54). Suppose i + y*i - 155 = 0. List the prime factors of i.
31
Let n(j) = 4*j - 6. Let a be n(3). Let t be (5 + a/(-2))/1. List the prime factors of (0 - 2)*(-17)/t.
17
Suppose 262 = -3*i - 5*s, -121 = 3*i + 3*s + 149. Let r = 38 - i. List the prime factors of r.
2, 3, 11
What are the prime factors of (3 + -2)/((-8)/(-264))?
3, 11
Let d(v) = -7*v + 41. Let f be d(6). Suppose 0 = -4*r - 4*s + 48, 0*r = 4*r - 5*s - 48. Let q = r - f. List the prime factors of q.
13
Let b be (-4)/12 + 1/3. Suppose -2*t = t - c - 120, 2*t + 5*c - 63 = b. Suppose 0 = 2*s - t - 79. List the prime factors of s.
59
Let f be ((-2)/(-6))/(6/36). Suppose m = -m - f*t + 66, 4*m - 2*t - 150 = 0. What are the prime factors of m?
2, 3
Suppose -4*v + 4*w = -20, 2*v + 8 = -w - 3*w. What are the prime factors of (0 + 141/6)*v?
47
Let i(a) = 26 + 17*a**2 + 3*a - 26. What are the prime factors of i(-2)?
2, 31
Let j(a) = 3*a**2 + 3*a + 2. Let v be j(-1). Suppose -141 = -2*h + u, 0 = v*h + u - 178 + 39. What are the prime factors of h?
2, 5, 7
Let f(d) = 2*d**2 - 2*d - 33. Let w be f(-5). Let g = 54 - w. List the prime factors of g.
3
Suppose -2*c - 5*r = 15, 4*c = 2*c + 2*r + 20. Suppose 481 = c*i + z, 6*i + 2*z - 482 = i. List the prime factors of i.
2, 3
Let l(u) be the third derivative of 1/6*u**4 - 1/2*u**3 + 0*u + 1/120*u**6 - 3*u**2 + 1/6*u**5 + 0. What are the prime factors of l(-9)?
2, 3, 7
Suppose t - 27 = -0. Suppose -3*s + 5*g - 5 = g, -2*g + t = -5*s. Let r = 14 - s. What are the prime factors of r?
3, 7
Suppose 0 = 32*f - 30*f - 368. What are the prime factors of f?
2, 23
What are the prime factors of 0/(-2) + 562 + 19?
7, 83
Let b = 187 - -10. Suppose -x = 3*l - b - 210, -3*x = -5*l + 655. What are the prime factors of l?
2, 67
Suppose 842 = -6*o + 10592. List the prime factors of o.
5, 13
What are the prime factors of (4/(-1))/((42/(-2737))/3)?
2, 17, 23
Suppose 20170 = 39*q - 28931. What are the prime factors of q?
1259
List the prime factors of (-4 + (-847)/(-2))*(-12)/(-2).
3, 839
Let h = 97 + -161. Let l = h - -85. What are the prime factors of l?
3, 7
Let f = 8 - 5. Suppose 0 = u - 8*y + f*y - 28, 2*u + 4 = -2*y. Suppose x = -2*a + 28, -54 - 12 = -u*x + 3*a. List the prime factors of x.
2, 3
Suppose -4*a = 4*r + 2048, -5*r + 3*a = -a + 2569. What are the prime factors of (4 + -1 + r/(-45))*5?
2, 3
Suppose 65 + 243 = 2*p. Let m = p + -93. List the prime factors of m.
61
Let n(b) = -3*b + 7*b**2 - 2 + 5*b + 3 + 2*b. List the prime factors of n(4).
3, 43
Let n(u) be the second derivative of -u**3/2 + 15*u**2/2 - 23*u. What are the prime factors of n(0)?
3, 5
Suppose -21*q = 5*q. Suppose 5*z - 6*b + 3*b - 627 = 0, 5*z + 4*b - 599 = 0. Suppose -5*t - 4*u + 202 = q, -3*t = 6*u - 3*u - z. List the prime factors of t.
2, 19
Let d = -1375 - -1407. List the prime factors of d.
2
Let w = -1207 - -2101. What are the prime factors of w?
2, 3, 149
Let d be 6 + -3 - (1 + -88). Suppose -d = -3*l + 24. Suppose -4*j + 26 = -l. List the prime factors of j.
2
Suppose 11 = o - l, -l + 15 = -4*l. Suppose -m + o*m - 105 = 0. Let h = 30 - m. List the prime factors of h.
3
Suppose -2*n - 24 = -8. Let j(p) = 4*p + 28. Let v be j(n). List the prime factors of (81/v)